)?
7
Let g be 1 - 6 - (-5 - 9). Suppose 0 = g*q - 8756 - 2719. What is the tens digit of q?
7
Let i be (-4 - (1 - 1))*-2. Suppose 0 = -m - m + i. Suppose 186 = m*t + 50. What is the tens digit of t?
3
Let p = 1666 - 741. Suppose -9*x = -p - 83. What is the hundreds digit of x?
1
Let z = 60191 - 21583. What is the tens digit of z?
0
Let y(m) = 64*m**2 - 2446*m - 1. What is the units digit of y(41)?
7
Let y(f) = 8*f + 125. Let b be y(-16). What is the tens digit of (487 - -2) + (b - 1)?
8
Let t = 25498 - -5707. What is the units digit of t?
5
Let y(j) = 67*j**3 + 10 + 5*j - j**2 - 13 - j. Let x be (2/(-12))/((-3)/18). What is the tens digit of y(x)?
6
Let s(i) = -6*i**2 - 10*i + 4. Let g(k) = 4*k**2 + 11*k - 5. Let l(t) = -4*g(t) - 3*s(t). What is the units digit of l(-7)?
4
Let j be (-110)/(-30) + 4/(-6). Let l be 24 - 11 - j*1. What is the units digit of (-7)/35 + 22/l?
2
Suppose 135395 = 4*h + 3*z, -h - 4*z + 14282 = -19583. What is the hundreds digit of h?
8
Let m be 23*(-3)/((-9)/(-6))*-1. Let v = -32 + m. What is the units digit of v?
4
Let o = 24141 - 7912. What is the ten thousands digit of o?
1
Let i be 143/(-3)*7/(56/(-24)). Let b = 324 + i. What is the tens digit of b?
6
Suppose -4 = t - m - 10, -4*t = 2*m. Let y be 3/t*2 - 1 - -261. Suppose -135 = -2*x + y. What is the tens digit of x?
9
Let b(p) be the first derivative of p**4/4 + 8*p**3 + 47*p**2/2 + 35*p + 81. What is the hundreds digit of b(-19)?
9
Suppose -26*z = -353234 - 239765 + 61507. What is the ten thousands digit of z?
2
Let m = 4940 + 471. What is the units digit of m?
1
Let a = 126510 + -83334. What is the tens digit of a?
7
Suppose -4*b - b = -260. Suppose 5*d - b = 38. Suppose h - d - 49 = 0. What is the units digit of h?
7
Let j = 4 - 6. Let s = 0 - j. What is the units digit of (0 + 1)/(s/10)?
5
Let b(m) = -389*m - 19. Suppose -24 = 29*p + 5. What is the units digit of b(p)?
0
Let g(z) = -4*z - 38. Let f be g(-10). Suppose 3*i = -f*i + 355. What is the units digit of i?
1
Suppose -233*h + 158730 = -231*h + i, 0 = 3*h + 5*i - 238095. What is the units digit of h?
5
Suppose -n - x - x + 9 = 0, -n - 4*x = -7. Suppose 2168 + 615 = n*w. What is the tens digit of w?
5
Suppose 34*k - 12*k = -1386. Let v(t) = t**3 - t - 35. Let f be v(0). What is the units digit of k/f*(-3 + 28)?
5
What is the units digit of -4 + (7 - (2 + -3)) + (9752 - 2)?
4
Let j(s) = -200*s + 3597. What is the units digit of j(-112)?
7
Suppose 4*z - 20 = -5*x + 8*z, 2*x - 8 = 3*z. Suppose -1264 = -5*o - 4*a, 0 = -4*o + x*a - 5*a + 1020. What is the units digit of o?
6
Let k(x) = 7227*x + 548. What is the units digit of k(3)?
9
Let g(q) = 25*q**2 - 7*q - 42. What is the thousands digit of g(-10)?
2
Let s(j) = j**2 - 13*j + 75. Let q be s(-13). Suppose 5*f - 172 - q = 0. What is the tens digit of f?
1
Let q(s) = s**3 + 8*s**2 - 10*s - 4. Let y be q(-9). Suppose 0 = y*o - 4*z - 735, -z + 5*z = -2*o + 266. What is the tens digit of o?
4
Suppose -17*r = -203 + 135. Suppose -o + 1788 = 2*o - u, 0 = -r*u + 12. What is the hundreds digit of o?
5
Suppose -3*l + 19488 = -43*z + 44*z, 5*l = 3*z - 58590. What is the hundreds digit of z?
5
Let c be 451/(-5) - (-4)/(19 + 1). Let l = c - -100. What is the units digit of l + 0 + 7 - -1*2?
9
Let q = 27 + -25. Suppose o + 17 = 5*p + 2*o, 0 = -2*p - 2*o + q. Suppose 0 = -5*y + 2*i + 858, -7 + p = -3*i. What is the hundreds digit of y?
1
Let p = 6905 - -4408. What is the thousands digit of p?
1
Suppose -4*n + 2*o = -o + 945, -5*o + 695 = -3*n. What is the units digit of ((-96)/n)/((-2)/(-70))?
4
What is the thousands digit of 496309/99 + (260/45 - 6)?
5
What is the ten thousands digit of 343619/10 + (13/(-208))/(10/(-16))?
3
Let v(x) = x**3 + 7*x**2 + 7*x + 4. Let d be v(-4). Suppose 3*h + 13 = -3*p - 32, -h - 4*p = d. What is the units digit of ((-4)/h)/((-4)/(-108))?
9
Let u = -11 + 23. Let b(s) = 3*s**2 - 21*s + 42. What is the hundreds digit of b(u)?
2
Let g(l) = -1266*l**3 + 2*l**2 + 21*l + 82. What is the units digit of g(-4)?
4
Suppose 20 = o - 5*s, 16 = 4*o - 0*s - 4*s. Suppose -2*p + 3*z - 182 = o, -5*p + 2*z - 348 = -p. Let v = -23 - p. What is the units digit of v?
2
Let f be 1*(0 + (-5 - 4)). What is the units digit of (-1)/(3 - (-24)/f) - -362?
9
Let x be (539/(-147))/((-2)/6). Suppose 2 = 10*w - x*w, -3*w - 1541 = -5*o. What is the hundreds digit of o?
3
Let u be ((5 - 2) + -3)/(-2). Suppose u*h - 10 = -5*h. Suppose -73 = -h*x + 3*o, -5*x = -0*x - 2*o - 155. What is the units digit of x?
9
Suppose 71*n + 25066 - 2746567 = 0. What is the thousands digit of n?
8
Let k(p) = p**3 - 3*p**2 - 10*p - 9. Let v = -25 - -31. Let u be k(v). Suppose u - 319 = -4*w. What is the units digit of w?
0
Let i be (186/(-5))/(3 + 51/(-15)). Let r = i + -59. What is the tens digit of (r - 4)/((-3)/(-8))?
8
Let l be (-3 + -1)*(4 - 4/4). Let m = -9 - l. Suppose -m*p + 312 = -234. What is the hundreds digit of p?
1
Let w be (6/2)/(-3*(-8)/16). Suppose 5*h = -5, -w*h + 899 = 2*o + 49. What is the units digit of o?
6
Let k(z) = 2*z**3 + 21*z**2 + 12*z + 12. Let h be k(-10). Let f be 0/(h/6 - 4/(-12)). Suppose -6*r + 209 + 67 = f. What is the tens digit of r?
4
Let a = -12 - -8. Let r(m) = m**3 + 3*m**2 - 4. Let b be r(a). What is the units digit of b*(-2*(-2)/8)/(-1)?
0
Let v(w) = -14*w + 43. Suppose 5 = -2*x + x. Let j(q) = -14*q + 42. Let r(l) = x*v(l) + 6*j(l). What is the units digit of r(-6)?
1
Let w(n) = n**3 - 5*n**2 + 5*n - 13. Suppose 3*f - 32 = 4*v, -4*v + 0*v - 24 = -2*f. What is the tens digit of w(f)?
1
Suppose 106640 = 387*d - 367*d. What is the tens digit of d?
3
What is the units digit of (40 - -620)*9/2?
0
Let a = 4604 - -10302. What is the units digit of a?
6
Let v be -3*(33/1 - 8/(-4)). Let a = v - -772. What is the hundreds digit of a?
6
Suppose -4*h + 47706 = 3*d, 4*d - 39337 - 24258 = -h. What is the tens digit of d?
9
Let g(o) be the first derivative of o**4/4 + 3*o**3 - o**2 - 6*o - 1. Let r be (14 - 8)/((12/20)/(8/(-10))). What is the tens digit of g(r)?
7
Let k be -674*2/(-14) - (-36)/(-126). Suppose -2*p = 2*p - k. What is the units digit of 2/(0 - 8) - (-1974)/p?
2
Suppose 13*z - 34988 = 92230. What is the hundreds digit of z?
7
Let w(m) = -4*m - 153. Let f be w(-39). Suppose 1640 = 3*i + z + f*z, -2*z = 3*i - 1630. What is the hundreds digit of i?
5
Let g be 36/(-27)*(35 - 5). What is the units digit of 4945/25 + -2*4/g?
8
Let z(x) = -27*x**3 + 32*x**2 + 104*x - 3. What is the units digit of z(-7)?
8
Let m be 54/90*(-10)/2. Let f = 18 - m. What is the tens digit of f?
2
Suppose -10*r + 94760 = 11810. What is the hundreds digit of r?
2
Let x(f) = 255*f + 2087. What is the units digit of x(51)?
2
Let s = 16320 + -7391. What is the units digit of s?
9
Let i(s) = 8*s**3 - 2*s**2 - 35*s + 288. What is the tens digit of i(7)?
8
Let y = 5276 - 1816. What is the thousands digit of y?
3
Suppose -4*t + 5*t = -3*y - 8, 12 = -2*y - 2*t. Suppose -w - 2*u = 542, -2*w + 0*u - 1077 = -3*u. What is the tens digit of w/(-15)*((-22)/(-3) + y)?
2
Let m be (-988)/16 - 6/(-8). Let a = 154 - 157. What is the units digit of 1 + 1 + m/3*a?
3
Let p be -3 - (5 + (-35 - 3)). Suppose -a - 10 = -2*a + 2*f, -5*f - p = -3*a. Suppose -2*y = 2*i - a, -2*y + 5*i = -0*y + 18. What is the units digit of y?
1
Suppose 79*b = 162*b - 81*b - 105756. What is the units digit of b?
8
Suppose 48*x = 55*x - 140. Suppose 6*o = -x*o + 20930. What is the tens digit of o?
0
Let a(p) = -33*p - 2. Let q be (-32)/15 + 20/150. Let v be a(q). Suppose -593 = -5*u + 3*r - v, -4*u + 5*r = -431. What is the units digit of u?
4
Let x = 39355 - 26239. What is the tens digit of x?
1
Suppose 2669 = 15*t - 5821. Suppose 18*n + 15 = 13*n, 5*f - 2*n - t = 0. What is the units digit of f?
2
Let r(y) = -10*y**3 - 71*y**2 - 321*y + 7. What is the thousands digit of r(-16)?
7
Let g(o) = 2*o**2 - 16*o + 8. Let k be g(8). Let w = -8 - k. Let i(t) = t + 31. What is the tens digit of i(w)?
1
Suppose -19 = -14*f + 65. Let h = f + 10. What is the units digit of h?
6
Let d = 18296 - 60. What is the thousands digit of d?
8
Let g = 5380 + 49760. What is the units digit of g?
0
Let p(y) = -y**2 + 9*y + 40. Let l be p(12). Suppose -5*v - 5*w + 1317 = -2388, -l*w = -5*v + 3723. What is the units digit of v?
3
Let x be 1*4 - ((8/4 - 